
List the prime factors of 1667.
1667
List the prime factors of 67621.
19, 3559
List the prime factors of 4890.
2, 3, 5, 163
List the prime factors of 26824.
2, 7, 479
List the prime factors of 340.
2, 5, 17
List the prime factors of 122191.
71, 1721
What are the prime factors of 1731?
3, 577
What are the prime factors of 5231?
5231
List the prime factors of 33583.
11, 43, 71
What are the prime factors of 49875?
3, 5, 7, 19
List the prime factors of 156127.
156127
List the prime factors of 7931.
7, 11, 103
List the prime factors of 3804.
2, 3, 317
List the prime factors of 7324.
2, 1831
List the prime factors of 108350.
2, 5, 11, 197
List the prime factors of 1655.
5, 331
List the prime factors of 157536.
2, 3, 547
List the prime factors of 1877.
1877
What are the prime factors of 3517?
3517
List the prime factors of 979.
11, 89
What are the prime factors of 3390?
2, 3, 5, 113
What are the prime factors of 1317?
3, 439
List the prime factors of 3794.
2, 7, 271
What are the prime factors of 9496?
2, 1187
List the prime factors of 351.
3, 13
List the prime factors of 3105.
3, 5, 23
What are the prime factors of 453?
3, 151
What are the prime factors of 6648?
2, 3, 277
List the prime factors of 907.
907
List the prime factors of 2832.
2, 3, 59
List the prime factors of 2074.
2, 17, 61
What are the prime factors of 5314?
2, 2657
List the prime factors of 6564.
2, 3, 547
List the prime factors of 20025.
3, 5, 89
What are the prime factors of 63261?
3, 11, 71
List the prime factors of 9476.
2, 23, 103
What are the prime factors of 17294?
2, 8647
What are the prime factors of 1907?
1907
What are the prime factors of 1695?
3, 5, 113
List the prime factors of 10292.
2, 31, 83
List the prime factors of 22948.
2, 5737
List the prime factors of 21222.
2, 3, 131
What are the prime factors of 107486?
2, 223, 241
What are the prime factors of 5347?
5347
What are the prime factors of 1266?
2, 3, 211
List the prime factors of 15151.
109, 139
What are the prime factors of 649?
11, 59
What are the prime factors of 25160?
2, 5, 17, 37
List the prime factors of 11529.
3, 7, 61
List the prime factors of 32634.
2, 3, 7, 37
What are the prime factors of 19192?
2, 2399
What are the prime factors of 3522?
2, 3, 587
List the prime factors of 1369.
37
List the prime factors of 2494.
2, 29, 43
List the prime factors of 678.
2, 3, 113
What are the prime factors of 1819?
17, 107
List the prime factors of 40994.
2, 103, 199
List the prime factors of 342.
2, 3, 19
List the prime factors of 7008.
2, 3, 73
What are the prime factors of 19941?
3, 17, 23
List the prime factors of 29964.
2, 3, 11, 227
List the prime factors of 52762.
2, 23, 31, 37
List the prime factors of 80742.
2, 3, 13457
List the prime factors of 440.
2, 5, 11
What are the prime factors of 14251?
14251
What are the prime factors of 6648?
2, 3, 277
List the prime factors of 33057.
3, 3673
What are the prime factors of 1667?
1667
List the prime factors of 75898.
2, 137, 277
What are the prime factors of 7526?
2, 53, 71
What are the prime factors of 11337?
3, 3779
What are the prime factors of 13021?
29, 449
What are the prime factors of 1035?
3, 5, 23
List the prime factors of 6872.
2, 859
What are the prime factors of 11023?
73, 151
What are the prime factors of 1181?
1181
List the prime factors of 3250.
2, 5, 13
List the prime factors of 866.
2, 433
List the prime factors of 22151.
17, 1303
List the prime factors of 763.
7, 109
List the prime factors of 383.
383
What are the prime factors of 7934?
2, 3967
What are the prime factors of 1829?
31, 59
What are the prime factors of 418?
2, 11, 19
What are the prime factors of 20985?
3, 5, 1399
What are the prime factors of 47289?
3, 11, 1433
What are the prime factors of 9910?
2, 5, 991
List the prime factors of 31528.
2, 7, 563
List the prime factors of 3321.
3, 41
List the prime factors of 27817.
27817
What are the prime factors of 1894?
2, 947
List the prime factors of 1270.
2, 5, 127
List the prime factors of 8117.
8117
What are the prime factors of 4329?
3, 13, 37
List the prime factors of 14486.
2, 7243
List the prime factors of 81516.
2, 3, 6793
List the prime factors of 35464.
2, 11, 13, 31
List the prime factors of 38986.
2, 101, 193
List the prime factors of 74703.
3, 37, 673
What are the prime factors of 20082?
2, 3, 3347
List the prime factors of 695.
5, 139
List the prime factors of 13324.
2, 3331
What are the prime factors of 8?
2
What are the prime factors of 1813?
7, 37
What are the prime factors of 6894?
2, 3, 383
What are the prime factors of 869?
11, 79
List the prime factors of 575.
5, 23
List the prime factors of 11872.
2, 7, 53
What are the prime factors of 39786?
2, 3, 19, 349
List the prime factors of 29416.
2, 3677
List the prime factors of 10286.
2, 37, 139
List the prime factors of 3387.
3, 1129
What are the prime factors of 131840?
2, 5, 103
List the prime factors of 6692.
2, 7, 239
What are the prime factors of 30955?
5, 41, 151
What are the prime factors of 16828?
2, 7, 601
What are the prime factors of 5206?
2, 19, 137
List the prime factors of 1486.
2, 743
What are the prime factors of 115935?
3, 5, 59, 131
What are the prime factors of 147198?
2, 3, 24533
List the prime factors of 6190.
2, 5, 619
What are the prime factors of 2086?
2, 7, 149
What are the prime factors of 32986?
2, 16493
What are the prime factors of 7111?
13, 547
What are the prime factors of 19234?
2, 59, 163
What are the prime factors of 51827?
51827
List the prime factors of 6456.
2, 3, 269
List the prime factors of 18177.
3, 73, 83
List the prime factors of 32425.
5, 1297
List the prime factors of 69738.
2, 3, 59, 197
What are the prime factors of 88123?
7, 12589
What are the prime factors of 2981?
11, 271
What are the prime factors of 6467?
29, 223
List the prime factors of 1234.
2, 617
List the prime factors of 7018.
2, 11, 29
List the prime factors of 8373.
3, 2791
List the prime factors of 21662.
2, 10831
List the prime factors of 22720.
2, 5, 71
What are the prime factors of 2203?
2203
What are the prime factors of 12798?
2, 3, 79
What are the prime factors of 1795?
5, 359
List the prime factors of 2285.
5, 457
List the prime factors of 86433.
3, 47, 613
What are the prime factors of 234?
2, 3, 13
List the prime factors of 7579.
11, 13, 53
What are the prime factors of 23281?
31, 751
What are the prime factors of 8727?
3, 2909
What are the prime factors of 11900?
2, 5, 7, 17
List the prime factors of 103331.
191, 541
What are the prime factors of 3?
3
List the prime factors of 8306.
2, 4153
What are the prime factors of 6840?
2, 3, 5, 19
List the prime factors of 1435.
5, 7, 41
List the prime factors of 19990.
2, 5, 1999
What are the prime factors of 830?
2, 5, 83
List the prime factors of 1096.
2, 137
List the prime factors of 16284.
2, 3, 23, 59
What are the prime factors of 8891?
17, 523
List the prime factors of 2862.
2, 3, 53
List the prime factors of 1291.
1291
What are the prime factors of 96557?
96557
List the prime factors of 1137.
3, 379
List the prime factors of 4363.
4363
What are the prime factors of 987?
3, 7, 47
What are the prime factors of 1043?
7, 149
List the prime factors of 23099.
23099
List the prime factors of 23275.
5, 7, 19
What are the prime factors of 2309?
2309
List the prime factors of 13669.
13669
List the prime factors of 4918.
2, 2459
What are the prime factors of 135?
3, 5
What are the prime factors of 12495?
3, 5, 7, 17
List the prime factors of 6365.
5, 19, 67
What are the prime factors of 3991?
13, 307
What are the prime factors of 31804?
2, 7951
What are the prime factors of 8308?
2, 31, 67
List the prime factors of 794.
2, 397
List the prime factors of 581.
7, 83
What are the prime factors of 1005?
3, 5, 67
What are the prime factors of 11680?
2, 5, 73
What are the prime factors of 264?
2, 3, 11
List the prime factors of 92145.
3, 5, 6143
List the prime factors of 360.
2, 3, 5
What are the prime factors of 10624?
2, 83
List the prime factors of 8625.
3, 5, 23
What are the prime factors of 7135?
5, 1427
List the prime factors of 278.
2, 139
List the prime factors of 12246.
2, 3, 13, 157
What are the prime factors of 7011?
3, 19, 41
List the prime factors of 4218.
2, 3, 19, 37
What are the prime factors of 202623?
3,